 i = 5 + -1. Suppose 0 = -5*c - 5*s + 15, 2*s - 1 + 15 = 2*c. Suppose 2*g = c*k - 140, 0 = k + k - i*g - 40. What are the prime factors of k?
2, 3, 5
Suppose -8*f + 83 = 19. Suppose 4*o - 8 = f. List the prime factors of o.
2
Let o = -4142 + 8515. List the prime factors of o.
4373
Suppose -217*p + 220*p - 149806 = 2*u, 0 = 2*p + u - 99887. List the prime factors of p.
2, 5, 11, 227
Let c(l) = 2011*l**2 + 81*l + 181. What are the prime factors of c(-2)?
11, 733
Suppose 4*p - 23 = -5*h, -5*p + 13 = 3. Suppose -2289 = -4*j - h*v, j - 3*v + v - 575 = 0. List the prime factors of j.
3, 191
What are the prime factors of 2286232/445 + 6/15?
2, 7, 367
Let j(c) = -13*c - 17. Let u(r) = r**3 - r**2 - 6*r + 4. Let k be u(3). Let m be (-1)/k*-4 + -4. List the prime factors of j(m).
2, 11
Let p = -10 + 14. Let r(k) = -k**3 - 23*k**2 + 25*k + 34. Let i be r(-24). Suppose p*q - u - 20 = -0*q, 2*q + 5*u - i = 0. What are the prime factors of q?
5
Let p(r) = 1. Let m(x) = -x**2 - 6*x + 5. Let v(j) = m(j) + 2*p(j). Let s be v(-6). Suppose -y + 736 = s*y. What are the prime factors of y?
2, 23
Suppose -2*m + 5*i + 198 = 0, -206 = -2*m + 2*i + i. Suppose -p + 0*y - 4*y = 46, -5*y - 95 = 2*p. Let f = m + p. List the prime factors of f.
59
Suppose -15*u = -25*u + 140. Suppose -2*j = 4*j - 12. Suppose -j*z = -2*i - u, 2 = -3*z - i + 19. What are the prime factors of z?
2, 3
Let a = 20 - 19. Suppose 3*b - a - 7 = -4*y, -3*b + 17 = -5*y. Suppose 0 = 4*t - o - 351, -o + 265 = -t + b*t. What are the prime factors of t?
2, 11
Let l = 10 - 5. Let b = 96 - 93. Suppose l*d + 97 = p - 30, -368 = -b*p + 2*d. List the prime factors of p.
2, 61
Let f(d) be the third derivative of 127*d**4/24 + 47*d**3/3 + 8*d**2 + 4*d. List the prime factors of f(3).
5, 19
Let b(x) = 31*x + 7467. List the prime factors of b(0).
3, 19, 131
Suppose -31*m + 8108 + 919 = -15990. What are the prime factors of m?
3, 269
Suppose 81*u - 887380 = -49*u. List the prime factors of u.
2, 3413
Suppose -36885 = 8*f - 55*f + 176542. What are the prime factors of f?
19, 239
Suppose 24 = -27*q + 33*q. Suppose a - 4795 = -5*o + 5*a, 0 = 2*o - q*a - 1930. What are the prime factors of o?
5, 191
Suppose 98 = -3*n - 2*j, -9 = 2*n - 3*j + 39. List the prime factors of (-5164)/n - (-16)/(-120).
2, 43
Let i = 61 + -59. Suppose 24 = 5*t + 4*n, -i*t + n = -7*t + 21. Suppose -2*l + 7*l - t*v - 853 = 0, 4*l = 5*v + 686. What are the prime factors of l?
13
Let a(g) = -2*g + g + 11*g - 2 + 69*g**2. Let b be a(-2). Let d = b - 149. What are the prime factors of d?
3, 5, 7
Let b be (0 + -1)/((-12)/62676). What are the prime factors of b/9 + 8/(-7 - 17)?
2, 5, 29
Suppose -4*i - v + 53 = 0, 4*v + 16 = 4*i - i. Let s = -9 + i. Suppose 4*x + 475 = 5*u, -s*x - 781 = -5*u - 301. What are the prime factors of u?
3, 11
Suppose -4613*r - 108342 = -4623*r + 14078. List the prime factors of r.
2, 6121
Let y(c) = -1 - 14*c + 73*c - 48*c - 77*c. List the prime factors of y(-11).
5, 29
Suppose 6*y + 6 = 24. Suppose 4*z - 4*s = 900, -y*z = s - 2*s - 669. What are the prime factors of z?
2, 3, 37
Suppose a = -2*t + 8498, a - 3*a + 16975 = -3*t. What are the prime factors of a?
2, 11, 193
Suppose -5*c + 1684 = -2*g, -4*c - 5*g + 271 = -1096. List the prime factors of c.
2, 13
Suppose 14*b = 99937 + 48813. List the prime factors of b.
5, 17
Let g(v) = v**2 - 47*v - 4. Let q be g(47). List the prime factors of q/(((-30)/(-308))/(-15)).
2, 7, 11
Suppose 71*j = 125093 + 2707. What are the prime factors of j?
2, 3, 5
Suppose -188*t + 32*t + 3125120 - 158000 = 0. What are the prime factors of t?
2, 3, 5, 317
Let y = 19 + -169. Let l = y + 285. What are the prime factors of l?
3, 5
Suppose 142 = 2*n + 60. Let b = n + -144. Let u = b + 254. What are the prime factors of u?
151
Let x(a) = -a**3 - 13*a**2 - 13*a - 17. Let s be x(-15). Let f = -363 + s. What are the prime factors of f?
5, 53
Let j = 1254 + -453. Suppose 5*p + j = 4*h, -4*h + 0*p + 813 = -p. What are the prime factors of h?
2, 3, 17
Suppose 3183 = -3*z - 2*h + 12523, -4*z + h = -12435. Let t = z + -1447. List the prime factors of t.
1663
Let r(d) = -5054*d - 1997. List the prime factors of r(-3).
5, 2633
Let k(a) = -16*a + 7. Let i be k(2). Let z = 14 + -125. Let l = i - z. List the prime factors of l.
2, 43
Let n(l) = 7*l. Let t(f) = 855*f + 3. Let m(o) = 6*n(o) - t(o). What are the prime factors of m(-1)?
2, 3, 5
Let y be (-2)/(-11) + (-3)/22*-50. Suppose 8*j - y*j = 3. Suppose f - j*f = -344. What are the prime factors of f?
2, 43
Suppose 7*x + 5*x = 7*x. Suppose x = -2*r + 2, 0 = -l + 5*r - 2 + 4. Suppose -11 = -3*w + 4, 2*w - l = g. What are the prime factors of g?
3
Let v = -28 - -30. Suppose 5*p = v*k + 56, 3*p + 2*k - 21 = -k. List the prime factors of (12/p)/(5 - 549/110).
2, 3, 11
Suppose 6*n - 40 + 22 = 0. Suppose 0 = -5*q - n*k + 9545, 5761 = 4*q - q - 5*k. What are the prime factors of q?
2, 239
Suppose 4*x = d - 25, x = 5*d - 17 - 32. What are the prime factors of 16/24 + 300/d?
2, 17
Let t(n) = 585*n + 128. Let i be t(6). Suppose 18*k - k = i. What are the prime factors of k?
2, 107
Suppose -3*p - q + 2*q + 17 = 0, 5*q = 5*p - 25. Let g(h) = -h**3 + 10*h**2 + 15*h - 1. What are the prime factors of g(p)?
233
Let v(x) = -3303*x - 1101. List the prime factors of v(-4).
3, 11, 367
Let k be -3 + -15*3/(-9). Let a be 1*(-35)/k*(9 + -5). Let n = 150 + a. What are the prime factors of n?
2, 5
Suppose 2*r + 3*w - 4*w - 1 = 0, r + 2 = -2*w. Suppose -5*x + 14 + 11 = r. Suppose x*j - 245 - 75 = 0. What are the prime factors of j?
2
Suppose -4*h - 3*t + 2*t + 2948 = 0, 5*t = 5*h - 3685. Let w = h + -344. List the prime factors of w.
3, 131
Let v be 144/192 - 34/(-8). Suppose -2*k + v*n + 603 = -1159, -2*k - 5*n + 1782 = 0. What are the prime factors of k?
2, 443
Suppose 469*a - 87500 = 441*a. What are the prime factors of a?
5
Let t be -2 + (3 + 3 - 5) - -201. What are the prime factors of ((t/16)/((-3)/(-150)))/1?
5
List the prime factors of 1472/576*921*3.
23, 307
Let u = 1025 + -1014. Suppose 5*d - 5585 = -6*q + u*q, 3341 = 3*d - q. List the prime factors of d.
2, 139
Let k(y) = 3*y - 40. Let w be k(16). Suppose w = c + 3. Suppose -2*b + 121 = c*f, f - 3*b - 31 = -0*b. List the prime factors of f.
5
Suppose -10*g = -11*t + 12*t - 34415, -3*g = -3*t - 10341. What are the prime factors of g?
2, 1721
Suppose 0 = 34*r - 43*r - 138672. List the prime factors of (3/(-4))/(54/r).
2, 107
Suppose -18032 - 25456 = -4*a - 2*a. What are the prime factors of a?
2, 3, 151
Let r(u) = 57*u + 19. Let m be r(6). Let n = 1023 - m. What are the prime factors of n?
2, 331
Let w(p) = 337*p**2 - 3*p + 2. Suppose v - 14 + 13 = 0. What are the prime factors of w(v)?
2, 3, 7
Suppose -468 = -i + 287. Suppose -i = -5*w + h + 901, 0 = -2*w - 4*h + 658. List the prime factors of w.
331
Suppose 5*h = 4*t + 3205 + 2487, -4*t = -4*h + 4556. Suppose -4*p - l = -815, -4*p + 3*l + h - 333 = 0. What are the prime factors of p?
7, 29
Let v = -167 - -172. Suppose 0 = d + 5*r - 547, 0*d + v*r = 2*d - 1169. What are the prime factors of d?
2, 11, 13
Let r = -550 + 2562. List the prime factors of r.
2, 503
What are the prime factors of 0/(-1) + -4 - (-10 - (14966 + -9))?
13, 1151
Let v(g) = 2*g**3 + 35*g**2 + 19*g + 41. Let u be v(-17). Suppose 3461 - 1319 = u*p. List the prime factors of p.
2, 3, 17
Let r(j) = j**3 + 13*j**2 + j + 25. Let l be r(-13). Suppose l*h - 175 = 41. Suppose -h + 58 = 2*f. What are the prime factors of f?
2, 5
Let g = -4026 - -23738. What are the prime factors of g?
2, 7, 11
Let t be 0/2 - (3 - 3) - -4. Suppose t*u = -0*l + l - 12, 0 = -u - 3*l + 10. What are the prime factors of (9/(-2))/(u + (-159)/(-84))?
2, 3, 7
Let a = -65 + 23. Let r = a + -43. List the prime factors of 2/5 - 11016/r.
2, 5, 13
Suppose 4198*o = 4183*o + 807180. List the prime factors of o.
2, 11, 1223
Suppose -39*h = -38*h - 156708. What are the prime factors of (h/66)/9 + 2/11?
2, 3, 11
List the prime factors of 4/(-24) + ((-68)/(-48))/17*79322.
2, 5, 661
Let h be 1 + -1 + 2 - -1*60. Let k = 34 + h. Let d = 48 + k. What are the prime factors of d?
2, 3
Let b(a) = -18*a**2 - 9*a - 17. Let r be b(-3). Let w be (6 + r/(-10))/(1/25). Suppose -y - 4*x + 198 = 0, 3*y + x - w = 5*x. What are the prime factors of y?
2, 7, 13
Le